{"id":23,"date":"2018-01-02T02:16:42","date_gmt":"2018-01-02T02:16:42","guid":{"rendered":"https:\/\/westermann-netzwerke.de\/?page_id=23"},"modified":"2018-11-12T16:44:22","modified_gmt":"2018-11-12T16:44:22","slug":"internetanbindung","status":"publish","type":"page","link":"https:\/\/westermann-netzwerke.de\/?page_id=23","title":{"rendered":"Internetanbindung"},"content":{"rendered":"<p><img fetchpriority=\"high\" decoding=\"async\" class=\"size-medium wp-image-101 alignleft\" src=\"https:\/\/westermann-netzwerke.de\/wp-content\/uploads\/2018\/01\/Zyxel_black_logotagline_transparent-300x178.png\" alt=\"\" width=\"300\" height=\"178\" srcset=\"https:\/\/westermann-netzwerke.de\/wp-content\/uploads\/2018\/01\/Zyxel_black_logotagline_transparent-300x178.png 300w, https:\/\/westermann-netzwerke.de\/wp-content\/uploads\/2018\/01\/Zyxel_black_logotagline_transparent-768x455.png 768w, https:\/\/westermann-netzwerke.de\/wp-content\/uploads\/2018\/01\/Zyxel_black_logotagline_transparent.png 816w\" sizes=\"(max-width: 300px) 100vw, 300px\" \/>Im privaten Umfeld mag es nicht so entscheidend sein, wie die Internetanbindung abgedeckt ist, im gewerblichen Umfeld dagegen kann es entscheident sein, eine Verf\u00fcgbarkeit zu gew\u00e4hrleisten.<\/p>\n<p>Alles, was nach dem Internetanbieter passiert, liegt in Ihren H\u00e4nden. Es sei denn, Sie haben eine entsprechend teure Anbindung, die mit Service versorgt ist. Aber auch dann geh\u00f6rt es zum guten Ton, Ihr eigenes Netzwerk abzusichern.<\/p>\n<p>Nichts w\u00e4re schlimmer, als wenn \u00fcber den Zugang des Internetanbieter ein \u00dcbergriff auf Ihr Netzwerk stattfindet und Ihr System kann diesen nicht abwehren.\u00a0Ihre Daten sind dann weg und daf\u00fcr kommt kaum eine Versicherung auf.<\/p>\n<p>Gleiches gilt f\u00fcr Ihre Zweigstelle. Schlie\u00dflich sollen die tagesaktuellen Angebote auch Zeitnah in der Filiale vorhanden sein, oder Sie m\u00f6chten im laufe des Tages sehen, was in der Filiale gerade passiert. Oder Sie m\u00f6chten einfach Ihre Diebstahlgef\u00e4hrdeten Waren absichern.<\/p>\n<p>&nbsp;<\/p>\n<p><a class=\"art-button\" href=\"https:\/\/westermann-netzwerke.de\/\">Zur\u00fcck<\/a><\/p>\n<p><script src=\"safari-extension:\/\/com.ebay.safari.myebaymanager-QYHMMGCMJR\/f339d4e\/background\/helpers\/prefilterHelper.js\" type=\"text\/javascript\"><\/script><script src=\"safari-extension:\/\/com.ebay.safari.myebaymanager-QYHMMGCMJR\/f339d4e\/background\/helpers\/prefilterHelper.js\" type=\"text\/javascript\"><\/script><\/p>\n","protected":false},"excerpt":{"rendered":"<p>Im privaten Umfeld mag es nicht so entscheidend sein, wie die Internetanbindung abgedeckt ist, im gewerblichen Umfeld dagegen kann es entscheident sein, eine Verf\u00fcgbarkeit zu gew\u00e4hrleisten. Alles, was nach dem Internetanbieter passiert, liegt in Ihren H\u00e4nden. Es sei denn, Sie haben eine entsprechend teure Anbindung, die mit Service versorgt ist. Aber auch dann geh\u00f6rt es [&hellip;]<\/p>\n","protected":false},"author":1,"featured_media":0,"parent":18,"menu_order":6,"comment_status":"closed","ping_status":"closed","template":"","meta":{"footnotes":""},"class_list":["post-23","page","type-page","status-publish","hentry"],"_links":{"self":[{"href":"https:\/\/westermann-netzwerke.de\/index.php?rest_route=\/wp\/v2\/pages\/23","targetHints":{"allow":["GET"]}}],"collection":[{"href":"https:\/\/westermann-netzwerke.de\/index.php?rest_route=\/wp\/v2\/pages"}],"about":[{"href":"https:\/\/westermann-netzwerke.de\/index.php?rest_route=\/wp\/v2\/types\/page"}],"author":[{"embeddable":true,"href":"https:\/\/westermann-netzwerke.de\/index.php?rest_route=\/wp\/v2\/users\/1"}],"replies":[{"embeddable":true,"href":"https:\/\/westermann-netzwerke.de\/index.php?rest_route=%2Fwp%2Fv2%2Fcomments&post=23"}],"version-history":[{"count":4,"href":"https:\/\/westermann-netzwerke.de\/index.php?rest_route=\/wp\/v2\/pages\/23\/revisions"}],"predecessor-version":[{"id":149,"href":"https:\/\/westermann-netzwerke.de\/index.php?rest_route=\/wp\/v2\/pages\/23\/revisions\/149"}],"up":[{"embeddable":true,"href":"https:\/\/westermann-netzwerke.de\/index.php?rest_route=\/wp\/v2\/pages\/18"}],"wp:attachment":[{"href":"https:\/\/westermann-netzwerke.de\/index.php?rest_route=%2Fwp%2Fv2%2Fmedia&parent=23"}],"curies":[{"name":"wp","href":"https:\/\/api.w.org\/{rel}","templated":true}]}}