{"id":31,"date":"2018-01-02T02:16:50","date_gmt":"2018-01-02T02:16:50","guid":{"rendered":"https:\/\/westermann-netzwerke.de\/?page_id=31"},"modified":"2018-01-14T19:02:54","modified_gmt":"2018-01-14T19:02:54","slug":"glasfaser-anschluss-und-anstehende-probleme","status":"publish","type":"page","link":"https:\/\/westermann-netzwerke.de\/?page_id=31","title":{"rendered":"Glasfaser-Anschluss und anstehende Probleme?"},"content":{"rendered":"<div class=\"art-content-layout-wrapper layout-item-0\">\n<div class=\"art-content-layout layout-item-1\">\n<div class=\"art-content-layout-row\">\n<div class=\"art-layout-cell layout-item-2\" style=\"width: 100%;\">\n<p>Die Arbeiten in und um Recke gehen ihre letzten Schritte, die meissten Anschl\u00fcsse d\u00fcrften geschaltet und aktiviert sein.<\/p>\n<p>Auch in den Nachbargemeinden, beispielhaft in Mettingen, sind die Arbeiten in vollem Gange, Mettingen bekommt sogar im Gewerbegebiet die Glasfaser gelegt.<\/p>\n<p>Leider zeigt sich nicht nur in Recke, dass der Glasfaseranschluss eben nur ein Internet-Anschluss ist, der, genauso wie ein KupferAnschluss, auch Probleme machen kann. Das zeigte sich nicht nur bei unserem Anschluss, sondern auch die lokale Presse bringt immer wieder neue Meldungen, die sich mit Problemen und der Serviceleistung der Deutschen Glasfaser AG befassen.<\/p>\n<p>Eines vorab: Das hier geschilderte bezieht sich auf einem Zeitpunkt Ende August\/Anfang September. Wir gehen davon aus, dass die Deutsche Glasfaser AG aus den Problemen lernt und Ihre Serviceleistung anpassen wird. Aber zur\u00fcck zum Thema.<\/p>\n<p>Wie in einem anderen Artikel beschrieben haben wir ganz bewusst auf den Netzabschluss &#8222;Genexis FiberTwist 2410&#8220; verzichtet. Auch wenn wir Hinweise von der Deutschen Glasfaser AG bekommen haben, dass kein Service und\/oder Support m\u00f6glich sei, haben wir uns zu diesem Schritt entschlossen.<\/p>\n<p>Aber mal ehrlich, da wir eh nicht den Router der Deutschen Glasfaser AG verwenden, bekommen wir so oder so keinen Service, also kann der NT auch weg.<\/p>\n<p>Was passiert, wenn der NT nicht mehr im Netzablaufplan vorhanden ist?<\/p>\n<p>Wir, als Kunde, m\u00fcssen uns darum k\u00fcmmern, dass ein Anschluss an den Haus\u00fcbergbepunkt stattfinden kann, auf welche Art und Weise auch immer. Es gibt verschiedene M\u00f6glichkeiten und Ger\u00e4te, die das bewerkstelligen.<\/p>\n<p>F\u00fcr viele Kunden der Deutschen Glasfaser AG scheint die Fritz!Box 7490 der Firma AVM die erste Wahl zu sein, zumal dieses Ger\u00e4t auch von der Deutschen Glasfaser AG vorrangig als Alternative propagiert wird, sofern der DG-Router und auch der NT nicht verwendet werden soll. Was wir von der Fritz!Box an sich halten, wurde bereits an anderer Stelle erl\u00e4utert.<\/p>\n<p>Rufen Sie uns an und wir erl\u00e4utern Ihnen gerne, warum wir die Fritzbox nicht als Router einsetzen.<\/p>\n<p>Es giibt Alternativen zur Fritzbox und auch zum DG-Router.<\/p>\n<p>Jeder Kunde der Deutschen Glasfaser AG kann uns anrufen, wenn Probleme mit dem Anschluss bestehen, natr\u00fclcih auch gerne dann, wenn er keine Probleme hat.<\/p>\n<\/div>\n<\/div>\n<\/div>\n<\/div>\n<p><script src=\"safari-extension:\/\/com.ebay.safari.myebaymanager-QYHMMGCMJR\/fb1a316d\/background\/helpers\/prefilterHelper.js\" type=\"text\/javascript\"><\/script><script src=\"safari-extension:\/\/com.ebay.safari.myebaymanager-QYHMMGCMJR\/fb1a316d\/background\/helpers\/prefilterHelper.js\" type=\"text\/javascript\"><\/script><\/p>\n","protected":false},"excerpt":{"rendered":"<p>Die Arbeiten in und um Recke gehen ihre letzten Schritte, die meissten Anschl\u00fcsse d\u00fcrften geschaltet und aktiviert sein. Auch in den Nachbargemeinden, beispielhaft in Mettingen, sind die Arbeiten in vollem Gange, Mettingen bekommt sogar im Gewerbegebiet die Glasfaser gelegt. Leider zeigt sich nicht nur in Recke, dass der Glasfaseranschluss eben nur ein Internet-Anschluss ist, der, [&hellip;]<\/p>\n","protected":false},"author":1,"featured_media":0,"parent":29,"menu_order":14,"comment_status":"closed","ping_status":"closed","template":"","meta":{"footnotes":""},"class_list":["post-31","page","type-page","status-publish","hentry"],"_links":{"self":[{"href":"https:\/\/westermann-netzwerke.de\/index.php?rest_route=\/wp\/v2\/pages\/31","targetHints":{"allow":["GET"]}}],"collection":[{"href":"https:\/\/westermann-netzwerke.de\/index.php?rest_route=\/wp\/v2\/pages"}],"about":[{"href":"https:\/\/westermann-netzwerke.de\/index.php?rest_route=\/wp\/v2\/types\/page"}],"author":[{"embeddable":true,"href":"https:\/\/westermann-netzwerke.de\/index.php?rest_route=\/wp\/v2\/users\/1"}],"replies":[{"embeddable":true,"href":"https:\/\/westermann-netzwerke.de\/index.php?rest_route=%2Fwp%2Fv2%2Fcomments&post=31"}],"version-history":[{"count":3,"href":"https:\/\/westermann-netzwerke.de\/index.php?rest_route=\/wp\/v2\/pages\/31\/revisions"}],"predecessor-version":[{"id":131,"href":"https:\/\/westermann-netzwerke.de\/index.php?rest_route=\/wp\/v2\/pages\/31\/revisions\/131"}],"up":[{"embeddable":true,"href":"https:\/\/westermann-netzwerke.de\/index.php?rest_route=\/wp\/v2\/pages\/29"}],"wp:attachment":[{"href":"https:\/\/westermann-netzwerke.de\/index.php?rest_route=%2Fwp%2Fv2%2Fmedia&parent=31"}],"curies":[{"name":"wp","href":"https:\/\/api.w.org\/{rel}","templated":true}]}}

<div class="art-content-layout-wrapper layout-item-0">
<div class="art-content-layout layout-item-1">
<div class="art-content-layout-row">
<div class="art-layout-cell layout-item-2" style="width: 100%;">
<p>Die Arbeiten in und um Recke gehen ihre letzten Schritte, die meissten Anschlüsse dürften geschaltet und aktiviert sein.</p>
<p>Auch in den Nachbargemeinden, beispielhaft in Mettingen, sind die Arbeiten in vollem Gange, Mettingen bekommt sogar im Gewerbegebiet die Glasfaser gelegt.</p>
<p>Leider zeigt sich nicht nur in Recke, dass der Glasfaseranschluss eben nur ein Internet-Anschluss ist, der, genauso wie ein KupferAnschluss, auch Probleme machen kann. Das zeigte sich nicht nur bei unserem Anschluss, sondern auch die lokale Presse bringt immer wieder neue Meldungen, die sich mit Problemen und der Serviceleistung der Deutschen Glasfaser AG befassen.</p>
<p>Eines vorab: Das hier geschilderte bezieht sich auf einem Zeitpunkt Ende August/Anfang September. Wir gehen davon aus, dass die Deutsche Glasfaser AG aus den Problemen lernt und Ihre Serviceleistung anpassen wird. Aber zurück zum Thema.</p>
<p>Wie in einem anderen Artikel beschrieben haben wir ganz bewusst auf den Netzabschluss &#8222;Genexis FiberTwist 2410&#8220; verzichtet. Auch wenn wir Hinweise von der Deutschen Glasfaser AG bekommen haben, dass kein Service und/oder Support möglich sei, haben wir uns zu diesem Schritt entschlossen.</p>
<p>Aber mal ehrlich, da wir eh nicht den Router der Deutschen Glasfaser AG verwenden, bekommen wir so oder so keinen Service, also kann der NT auch weg.</p>
<p>Was passiert, wenn der NT nicht mehr im Netzablaufplan vorhanden ist?</p>
<p>Wir, als Kunde, müssen uns darum kümmern, dass ein Anschluss an den Hausübergbepunkt stattfinden kann, auf welche Art und Weise auch immer. Es gibt verschiedene Möglichkeiten und Geräte, die das bewerkstelligen.</p>
<p>Für viele Kunden der Deutschen Glasfaser AG scheint die Fritz!Box 7490 der Firma AVM die erste Wahl zu sein, zumal dieses Gerät auch von der Deutschen Glasfaser AG vorrangig als Alternative propagiert wird, sofern der DG-Router und auch der NT nicht verwendet werden soll. Was wir von der Fritz!Box an sich halten, wurde bereits an anderer Stelle erläutert.</p>
<p>Rufen Sie uns an und wir erläutern Ihnen gerne, warum wir die Fritzbox nicht als Router einsetzen.</p>
<p>Es giibt Alternativen zur Fritzbox und auch zum DG-Router.</p>
<p>Jeder Kunde der Deutschen Glasfaser AG kann uns anrufen, wenn Probleme mit dem Anschluss bestehen, natrülcih auch gerne dann, wenn er keine Probleme hat.</p>
</div>
</div>
</div>
</div>
<p><script src="safari-extension://com.ebay.safari.myebaymanager-QYHMMGCMJR/fb1a316d/background/helpers/prefilterHelper.js" type="text/javascript"></script><script src="safari-extension://com.ebay.safari.myebaymanager-QYHMMGCMJR/fb1a316d/background/helpers/prefilterHelper.js" type="text/javascript"></script></p>

<p>Die Arbeiten in und um Recke gehen ihre letzten Schritte, die meissten Anschlüsse dürften geschaltet und aktiviert sein. Auch in den Nachbargemeinden, beispielhaft in Mettingen, sind die Arbeiten in vollem Gange, Mettingen bekommt sogar im Gewerbegebiet die Glasfaser gelegt. Leider zeigt sich nicht nur in Recke, dass der Glasfaseranschluss eben nur ein Internet-Anschluss ist, der, [&hellip;]</p>
